{"id":22122,"date":"2024-08-05T21:35:55","date_gmt":"2024-08-05T19:35:55","guid":{"rendered":"https:\/\/sznurmoni.pl\/?post_type=product&#038;p=22122"},"modified":"2025-07-27T20:28:07","modified_gmt":"2025-07-27T18:28:07","slug":"aniolek-z-azurowymi-skrzydelkami","status":"publish","type":"product","link":"https:\/\/sznurmoni.pl\/index.php\/product\/aniolek-z-azurowymi-skrzydelkami\/","title":{"rendered":"Anio\u0142ek z a\u017curowymi skrzyde\u0142kami"},"content":{"rendered":"<p><em><strong>ANIO\u0141EK Z A\u017bUROWYMI SKRZYDE\u0141KAMI<\/strong><\/em><\/p>\n<p>Uroczy makramowy anio\u0142ek\u00a0 umieszczony w eleganckiej ramce z szybk\u0105 plexi to wyj\u0105tkowy i niepowtarzalny prezent na uroczysto\u015b\u0107\u00a0 Pierwszej Komunii \u015awi\u0119tej lub Chrztu \u015awi\u0119tego, a tak\u017ce urodziny czy roczek. Sprawdzi si\u0119 r\u00f3wnie\u017c jako podzi\u0119kowanie dla Rodzic\u00f3w Chrzestnych.<\/p>\n<p>Taki r\u0119cznie wykonany obrazek z anio\u0142em str\u00f3\u017cem z pewno\u015bci\u0105 zachwyci ka\u017cdego oraz b\u0119dzie stanowi\u0142 pi\u0119kn\u0105 dekoracj\u0119 pokoju dzieci\u0119cego, wpisuj\u0105c si\u0119 praktycznie w ka\u017cdy wystr\u00f3j.<\/p>\n<p>Anio\u0142ek wykonany jest r\u0119cznie z najwi\u0119ksz\u0105 dba\u0142o\u015bci\u0105 o ka\u017cdy detal oraz z najwy\u017cszej jako\u015bci produkt\u00f3w\u00a0 a dzi\u0119ki umieszczeniu go za szybk\u0105 plexi jest te\u017c \u0142atwy w utrzymaniu czysto\u015bci(wystarczy przetrze\u0107 szybk\u0119).<\/p>\n<p>Anio\u0142ek pozostanie pi\u0119kny przez d\u0142ugie lata, b\u0119dzie przywo\u0142ywa\u0142 wspomnienia oraz strzeg\u0142 dziecka, kt\u00f3re zostanie nim obdarowane.<\/p>\n<p><em><strong>WIELKO\u015a\u0106<\/strong><\/em><\/p>\n<p>Ramka z szybk\u0105 plexi o wymiarach 22.5 x 27.5 x 4.7 cm z mo\u017cliwo\u015bci\u0105 postawienia lub zawieszenia.<\/p>\n<p><em><strong>PERSONALIZACJA<\/strong><\/em><\/p>\n<p>Wa\u017cne dla mnie jest to aby anio\u0142ek, kt\u00f3ry trafia do Ciebie by\u0142 jak najbardziej dopasowany do gustu Twojego lub obdarowywanej osoby oraz do okazji na jak\u0105 zostanie podarowany. Aby by\u0142 wyj\u0105tkowy. Dlatego anio\u0142ki s\u0105 w pe\u0142ni personalizowane.<\/p>\n<p>Mo\u017cesz wybra\u0107:<\/p>\n<ul>\n<li>kolor sukienki, w\u0142os\u00f3w i kwiatuszk\u00f3w<\/li>\n<li>napis na tabliczce<\/li>\n<li>dodatek trzymany w r\u0105czkach (kielich, okr\u0105g\u0142a hostia, serduszko z dowolnym tekstem)<\/li>\n<li>doda\u0107 d\u0142u\u017csz\u0105 dedykacj\u0119, kt\u00f3r\u0105 wygraweruj\u0119 na tabliczce i umieszcz\u0119 na odwrocie ramki.<\/li>\n<\/ul>\n<p>Wystarczy \u017ce wybierzesz wszystko w opcjach\u00a0rozwijalnych przy sk\u0142adaniu zam\u00f3wienia lub dopiszesz w polu \u201edodatkowe uwagi, sugestie\u201d<\/p>\n<p><em><strong>PAKOWANIE<\/strong><\/em><\/p>\n<p>Je\u015bli chcesz wr\u0119czy\u0107 anio\u0142ka w prezencie mo\u017cesz te\u017c wybra\u0107 opcj\u0119 pakowania w pude\u0142eczko prezentowe. Dostaniesz w\u00f3wczas anio\u0142ka w pi\u0119knym, estetycznym opakowaniu, gotowego do wr\u0119czenia.<\/p>\n<p>Ramka b\u0119dzie umieszczona w kartonowym pude\u0142eczku fasonowym z okienkiem, z wype\u0142nieniem z we\u0142ny drzewnej, a pude\u0142eczko obwi\u0105zane b\u0119dzie wst\u0105\u017ceczk\u0105 z kokardk\u0105.<\/p>\n<p>R\u0119cznie wykonany, personalizowany anio\u0142ek w ramce to nie tylko pi\u0119kny, sentymentalny prezent ale te\u017c element dekoracyjny, kt\u00f3ry b\u0119dzie doskona\u0142ym uzupe\u0142nienie wystroju pokoju ch\u0142opca.<\/p>\n","protected":false},"excerpt":{"rendered":"<p>ANIO\u0141EK Z A\u017bUROWYMI SKRZYDE\u0141KAMI Uroczy makramowy anio\u0142ek\u00a0 umieszczony w eleganckiej ramce z szybk\u0105 plexi to wyj\u0105tkowy i niepowtarzalny prezent na uroczysto\u015b\u0107\u00a0 Pierwszej Komunii \u015awi\u0119tej lub Chrztu \u015awi\u0119tego, a tak\u017ce urodziny czy roczek. Sprawdzi si\u0119 r\u00f3wnie\u017c jako podzi\u0119kowanie dla Rodzic\u00f3w Chrzestnych. Taki r\u0119cznie wykonany obrazek z anio\u0142em str\u00f3\u017cem z pewno\u015bci\u0105 zachwyci ka\u017cdego oraz b\u0119dzie stanowi\u0142 pi\u0119kn\u0105 dekoracj\u0119 pokoju dzieci\u0119cego, wpisuj\u0105c si\u0119 praktycznie w ka\u017cdy wystr\u00f3j. Anio\u0142ek wykonany jest r\u0119cznie z najwi\u0119ksz\u0105 dba\u0142o\u015bci\u0105 o ka\u017cdy detal oraz z najwy\u017cszej jako\u015bci produkt\u00f3w\u00a0 a dzi\u0119ki umieszczeniu go za szybk\u0105 plexi jest te\u017c \u0142atwy w utrzymaniu czysto\u015bci(wystarczy przetrze\u0107 szybk\u0119). Anio\u0142ek pozostanie pi\u0119kny przez d\u0142ugie lata, b\u0119dzie przywo\u0142ywa\u0142 wspomnienia oraz strzeg\u0142 dziecka, kt\u00f3re zostanie nim obdarowane. WIELKO\u015a\u0106 Ramka z szybk\u0105 plexi o wymiarach 22.5 x 27.5 x 4.7 cm z mo\u017cliwo\u015bci\u0105 postawienia lub zawieszenia. PERSONALIZACJA Wa\u017cne dla mnie jest to aby anio\u0142ek, kt\u00f3ry trafia do Ciebie by\u0142 jak najbardziej dopasowany do gustu Twojego lub obdarowywanej osoby oraz do okazji na jak\u0105 zostanie podarowany. Aby by\u0142 wyj\u0105tkowy. Dlatego anio\u0142ki s\u0105 w pe\u0142ni personalizowane. Mo\u017cesz wybra\u0107: kolor sukienki, w\u0142os\u00f3w i kwiatuszk\u00f3w napis na tabliczce dodatek trzymany w r\u0105czkach (kielich, okr\u0105g\u0142a hostia, serduszko z dowolnym tekstem) doda\u0107 d\u0142u\u017csz\u0105 dedykacj\u0119, kt\u00f3r\u0105 wygraweruj\u0119 na tabliczce i umieszcz\u0119 na odwrocie ramki. Wystarczy \u017ce wybierzesz wszystko w opcjach\u00a0rozwijalnych przy sk\u0142adaniu zam\u00f3wienia lub dopiszesz w polu \u201edodatkowe uwagi, sugestie\u201d PAKOWANIE Je\u015bli chcesz wr\u0119czy\u0107 anio\u0142ka w prezencie mo\u017cesz te\u017c wybra\u0107 opcj\u0119 pakowania w pude\u0142eczko prezentowe. Dostaniesz w\u00f3wczas anio\u0142ka w pi\u0119knym, estetycznym opakowaniu, gotowego do wr\u0119czenia. Ramka b\u0119dzie umieszczona w kartonowym pude\u0142eczku fasonowym z okienkiem, z wype\u0142nieniem z we\u0142ny drzewnej, a pude\u0142eczko obwi\u0105zane b\u0119dzie wst\u0105\u017ceczk\u0105 z kokardk\u0105. R\u0119cznie wykonany, personalizowany anio\u0142ek w ramce to nie tylko pi\u0119kny, sentymentalny prezent ale te\u017c element dekoracyjny, kt\u00f3ry b\u0119dzie doskona\u0142ym uzupe\u0142nienie wystroju pokoju ch\u0142opca.<\/p>\n","protected":false},"featured_media":22123,"comment_status":"open","ping_status":"closed","template":"","meta":{"_themeisle_gutenberg_block_has_review":false},"product_brand":[],"product_cat":[121,119],"product_tag":[144,147,170,145,140,173,185,174,149,141,179,171,172,177,184,175,180,176],"class_list":{"0":"post-22122","1":"product","2":"type-product","3":"status-publish","4":"has-post-thumbnail","6":"product_cat-pamiatki-chrztu-swietego-i-pierwszej-komunii-swietej-dla-dziewczynki","7":"product_cat-ze-sznurka","8":"product_tag-aniol","9":"product_tag-aniol-stroz","10":"product_tag-aniol-w-ramce","11":"product_tag-aniol-ze-sznurka","12":"product_tag-aniolki","13":"product_tag-chrzest","14":"product_tag-dla-chlopca","15":"product_tag-komunia","16":"product_tag-macrame-angel","17":"product_tag-makramowy-aniolek","18":"product_tag-obrazek-z-aniolem","19":"product_tag-pamiatka-chrztu","20":"product_tag-pamiatka-komunii","21":"product_tag-personalizowany-aniol","22":"product_tag-personalizowany-prezent","23":"product_tag-prezent","24":"product_tag-roczek","25":"product_tag-upominek","27":"first","28":"onbackorder","29":"shipping-taxable","30":"purchasable","31":"product-type-simple"},"exclude_global_add_ons":false,"addons":[{"name":"Napis na g\u00f3rnej ramce","type":"custom_text","position":0,"required":true,"title_format":"label","description_enable":false,"description":"","placeholder_enable":false,"placeholder":"","display":"select","restrictions_type":"any_text","adjust_price":false,"price":"","price_type":"flat_fee","restrictions":false,"min":0,"max":0,"options":[],"id":1722858361},{"name":"Data i imi\u0119 dziecka - na ma\u0142ych tabliczkach","type":"custom_text","position":1,"required":true,"title_format":"label","description_enable":false,"description":"","placeholder_enable":false,"placeholder":"","display":"select","restrictions_type":"any_text","adjust_price":false,"price":"","price_type":"flat_fee","restrictions":false,"min":0,"max":0,"options":[],"id":1722858362},{"name":"Dodatek w r\u0105czkach","type":"multiple_choice","position":2,"required":true,"title_format":"label","description_enable":false,"description":"","placeholder_enable":false,"placeholder":"","display":"select","restrictions_type":"any_text","adjust_price":false,"price":"","price_type":"flat_fee","restrictions":false,"min":0,"max":0,"options":[{"label":"kielich","price":"","price_type":"flat_fee","image":0},{"label":"okr\u0105g\u0142a hostia","price":"","price_type":"flat_fee","image":0},{"label":"serduszko z napisem (tekst wpisz w polu dodatkowe uwagi)","price":"","price_type":"flat_fee","image":0}],"id":1722858363},{"name":"Kolor w\u0142os\u00f3w","type":"multiple_choice","position":3,"required":true,"title_format":"label","description_enable":false,"description":"","placeholder_enable":false,"placeholder":"","display":"select","restrictions_type":"any_text","adjust_price":false,"price":"","price_type":"flat_fee","restrictions":false,"min":0,"max":0,"options":[{"label":"jasny blond","price":"","price_type":"flat_fee","image":0},{"label":"blond","price":"","price_type":"flat_fee","image":0},{"label":"br\u0105z","price":"","price_type":"flat_fee","image":0},{"label":"ciemny br\u0105z","price":"","price_type":"flat_fee","image":0},{"label":"czarny","price":"","price_type":"flat_fee","image":0}],"id":1722858364},{"name":"Kolor sukienki","type":"multiple_choice","position":4,"required":true,"title_format":"label","description_enable":false,"description":"","placeholder_enable":false,"placeholder":"","display":"select","restrictions_type":"any_text","adjust_price":false,"price":"","price_type":"flat_fee","restrictions":false,"min":0,"max":0,"options":[{"label":"bia\u0142y","price":"","price_type":"flat_fee","image":0},{"label":"ecru","price":"","price_type":"flat_fee","image":0},{"label":"cukierkowy r\u00f3\u017c","price":"","price_type":"flat_fee","image":0},{"label":"jasno niebieski","price":"","price_type":"flat_fee","image":0}],"id":1722894367},{"name":"Dodatkowa tabliczka z ty\u0142u ramki","type":"custom_textarea","position":5,"required":false,"title_format":"label","description_enable":true,"description":"opcjonalnie mo\u017cemy doda\u0107 drewnian\u0105 tabliczk\u0119 z d\u0142u\u017cszymi \u017cyczeniami lub dedykacj\u0105 i umie\u015bci\u0107 j\u0105 z ty\u0142u ramki","placeholder_enable":false,"placeholder":"","display":"select","restrictions_type":"any_text","adjust_price":true,"price":"10","price_type":"flat_fee","restrictions":false,"min":0,"max":0,"options":[],"id":1722894368},{"name":"Pakowanie w pude\u0142ko prezentowe","type":"multiple_choice","position":6,"required":true,"title_format":"label","description_enable":false,"description":"","placeholder_enable":false,"placeholder":"","display":"select","restrictions_type":"any_text","adjust_price":false,"price":"","price_type":"flat_fee","restrictions":false,"min":0,"max":0,"options":[{"label":"tak","price":"15","price_type":"flat_fee","image":0},{"label":"nie","price":"","price_type":"flat_fee","image":0}],"id":1722894369},{"name":"Dodatkowe uwagi, sugestie","type":"custom_textarea","position":7,"required":false,"title_format":"label","description_enable":false,"description":"","placeholder_enable":false,"placeholder":"","display":"select","restrictions_type":"any_text","adjust_price":false,"price":"","price_type":"flat_fee","restrictions":false,"min":0,"max":0,"options":[],"id":1722894370}],"_links":{"self":[{"href":"https:\/\/sznurmoni.pl\/index.php\/wp-json\/wp\/v2\/product\/22122","targetHints":{"allow":["GET"]}}],"collection":[{"href":"https:\/\/sznurmoni.pl\/index.php\/wp-json\/wp\/v2\/product"}],"about":[{"href":"https:\/\/sznurmoni.pl\/index.php\/wp-json\/wp\/v2\/types\/product"}],"replies":[{"embeddable":true,"href":"https:\/\/sznurmoni.pl\/index.php\/wp-json\/wp\/v2\/comments?post=22122"}],"version-history":[{"count":1,"href":"https:\/\/sznurmoni.pl\/index.php\/wp-json\/wp\/v2\/product\/22122\/revisions"}],"predecessor-version":[{"id":22124,"href":"https:\/\/sznurmoni.pl\/index.php\/wp-json\/wp\/v2\/product\/22122\/revisions\/22124"}],"wp:featuredmedia":[{"embeddable":true,"href":"https:\/\/sznurmoni.pl\/index.php\/wp-json\/wp\/v2\/media\/22123"}],"wp:attachment":[{"href":"https:\/\/sznurmoni.pl\/index.php\/wp-json\/wp\/v2\/media?parent=22122"}],"wp:term":[{"taxonomy":"product_brand","embeddable":true,"href":"https:\/\/sznurmoni.pl\/index.php\/wp-json\/wp\/v2\/product_brand?post=22122"},{"taxonomy":"product_cat","embeddable":true,"href":"https:\/\/sznurmoni.pl\/index.php\/wp-json\/wp\/v2\/product_cat?post=22122"},{"taxonomy":"product_tag","embeddable":true,"href":"https:\/\/sznurmoni.pl\/index.php\/wp-json\/wp\/v2\/product_tag?post=22122"}],"curies":[{"name":"wp","href":"https:\/\/api.w.org\/{rel}","templated":true}]}}